 factors of 161730319.
23, 7031753
List the prime factors of 758377735.
5, 17, 23, 387917
List the prime factors of 1448564796.
2, 3, 7, 211, 1009
What are the prime factors of 1199907317?
7, 171415331
List the prime factors of 3951617638.
2, 41, 48190459
What are the prime factors of 692884049?
11, 13, 557, 8699
List the prime factors of 30167471.
30167471
What are the prime factors of 1286024190?
2, 3, 5, 11, 89, 43787
List the prime factors of 157174902.
2, 3, 8731939
List the prime factors of 117234550.
2, 5, 17, 107, 1289
List the prime factors of 3589576933.
59, 60840287
What are the prime factors of 526259325?
3, 5, 37, 189643
What are the prime factors of 41854631?
7, 13, 131, 3511
What are the prime factors of 297650776?
2, 193, 263, 733
List the prime factors of 215642591.
167, 991, 1303
List the prime factors of 2421023261.
17, 251, 567383
List the prime factors of 129258235.
5, 19, 1360613
What are the prime factors of 154516582?
2, 11, 29, 127, 1907
What are the prime factors of 884007900?
2, 3, 5, 982231
List the prime factors of 55761458.
2, 47, 593207
List the prime factors of 538340730.
2, 3, 5, 31, 578861
List the prime factors of 2371804393.
7, 338829199
What are the prime factors of 31981934?
2, 61, 262147
What are the prime factors of 95774225?
5, 3830969
What are the prime factors of 55967028?
2, 3, 13, 31, 71, 163
What are the prime factors of 16921922?
2, 67, 293, 431
List the prime factors of 29156714.
2, 14578357
What are the prime factors of 4163501?
29, 143569
What are the prime factors of 96481938?
2, 3, 7, 41, 43, 1303
What are the prime factors of 1262847061?
7, 25772389
List the prime factors of 65528196.
2, 3, 23, 137, 1733
What are the prime factors of 2811504900?
2, 3, 5, 9371683
What are the prime factors of 157491390?
2, 3, 5, 7, 107137
What are the prime factors of 302134090?
2, 5, 5437, 5557
List the prime factors of 21423761.
43, 498227
What are the prime factors of 3639211955?
5, 4861, 149731
What are the prime factors of 189573486?
2, 3, 31595581
List the prime factors of 35156898.
2, 3, 7, 279023
What are the prime factors of 1769498201?
1769498201
What are the prime factors of 415315021?
11, 2909, 12979
List the prime factors of 93520788.
2, 3, 47, 165817
What are the prime factors of 995463343?
7, 383, 371303
List the prime factors of 10831308.
2, 3, 607, 1487
What are the prime factors of 46259368?
2, 457, 12653
List the prime factors of 318906187.
101, 3157487
List the prime factors of 4781718.
2, 3, 421, 631
List the prime factors of 4427715414.
2, 3, 737952569
What are the prime factors of 4253989262?
2, 2126994631
List the prime factors of 1224826827.
3, 7, 4507, 12941
List the prime factors of 179327092.
2, 7, 19, 337081
List the prime factors of 1278607144.
2, 149, 1072657
What are the prime factors of 84277900?
2, 5, 7, 120397
What are the prime factors of 13982025?
3, 5, 41, 4547
What are the prime factors of 13326111?
3, 1480679
List the prime factors of 50515525.
5, 2020621
List the prime factors of 223096641.
3, 59, 467, 2699
List the prime factors of 2750576848.
2, 171911053
List the prime factors of 23483130.
2, 3, 5, 11, 71161
What are the prime factors of 131214368?
2, 83, 127, 389
What are the prime factors of 1981079562?
2, 3, 7, 11, 23, 186437
List the prime factors of 3420777539.
37, 92453447
What are the prime factors of 2727343083?
3, 41, 97, 228593
List the prime factors of 265465050.
2, 3, 5, 1213, 1459
What are the prime factors of 273781284?
2, 3, 7, 3259301
List the prime factors of 92683807.
1031, 89897
What are the prime factors of 198937291?
7, 113, 251501
What are the prime factors of 143112727?
3797, 37691
What are the prime factors of 1486030885?
5, 5387, 55171
What are the prime factors of 195919104?
2, 3, 71, 3593
What are the prime factors of 84990646?
2, 13, 3268871
List the prime factors of 29619041.
773, 38317
List the prime factors of 165582062.
2, 82791031
What are the prime factors of 79341087?
3, 7, 173, 21839
What are the prime factors of 1101571673?
97, 11356409
What are the prime factors of 52932574?
2, 26466287
What are the prime factors of 2500763679?
3, 19, 479, 10177
List the prime factors of 199691772.
2, 3, 7, 2377283
What are the prime factors of 48323051?
7, 41, 137, 1229
What are the prime factors of 815089863?
3, 7, 29, 263, 727
List the prime factors of 82281787.
7, 23, 29, 17623
What are the prime factors of 770822370?
2, 3, 5, 2351, 3643
List the prime factors of 1466553202.
2, 6257, 117193
List the prime factors of 24736753.
23, 59, 18229
List the prime factors of 572652513.
3, 1123, 56659
List the prime factors of 57171438.
2, 3, 37, 85843
What are the prime factors of 461452629?
3, 11, 59, 89, 2663
What are the prime factors of 53802073?
13, 43, 109, 883
What are the prime factors of 1627294165?
5, 7, 293, 22669
List the prime factors of 50789506.
2, 17, 103, 14503
What are the prime factors of 114421065?
3, 5, 11, 43, 16127
List the prime factors of 3750512375.
5, 17, 113, 15619
What are the prime factors of 212723347?
271, 784957
What are the prime factors of 18433447?
47, 392201
List the prime factors of 3055091701.
977, 3127013
What are the prime factors of 74251158?
2, 3, 1951, 6343
What are the prime factors of 3105652839?
3, 1035217613
What are the prime factors of 92048649?
3, 7, 11, 41, 9719
What are the prime factors of 1735580788?
2, 3659, 118583
List the prime factors of 190036038.
2, 3, 31672673
List the prime factors of 415565136.
2, 3, 7, 17, 24251
List the prime factors of 81916210.
2, 5, 67, 122263
List the prime factors of 39958311.
3, 19, 701023
List the prime factors of 1202688611.
16273, 73907
What are the prime factors of 3629531439?
3, 403281271
What are the prime factors of 17897219?
347, 51577
What are the prime factors of 75505665?
3, 5, 23, 218857
What are the prime factors of 80045191?
29, 2760179
What are the prime factors of 49525232?
2, 3095327
What are the prime factors of 39148494?
2, 3, 7, 11, 84737
List the prime factors of 918629923.
918629923
What are the prime factors of 5924653?
7, 17, 49787
List the prime factors of 511478198.
2, 7, 11, 41, 59, 1373
List the prime factors of 537028785.
3, 5, 67, 733
What are the prime factors of 249501578?
2, 19, 31, 211801
What are the prime factors of 7192892218?
2, 3596446109
List the prime factors of 938687458.
2, 469343729
What are the prime factors of 1727880545?
5, 191, 1809299
What are the prime factors of 5050278889?
23, 617, 15473
What are the prime factors of 376030220?
2, 5, 23, 817457
What are the prime factors of 483587137?
11, 43962467
List the prime factors of 25592781.
3, 8530927
What are the prime factors of 122659445?
5, 24531889
List the prime factors of 408648846.
2, 3, 19, 1601, 2239
List the prime factors of 65719006.
2, 32859503
What are the prime factors of 3804768781?
11, 5843, 59197
List the prime factors of 26587698.
2, 3, 4431283
What are the prime factors of 58578223?
11, 5325293
List the prime factors of 1711204925.
5, 3461, 19777
List the prime factors of 5728600.
2, 5, 28643
List the prime factors of 222893836.
2, 11, 5065769
List the prime factors of 428607142.
2, 149, 1438279
What are the prime factors of 94929779?
7, 13561397
List the prime factors of 58251072.
2, 3, 11, 27581
What are the prime factors of 143704077?
3, 11, 17, 29, 73
What are the prime factors of 1418606358?
2, 3, 13, 47, 386963
What are the prime factors of 38173180?
2, 5, 1908659
What are the prime factors of 3371770022?
2, 1685885011
List the prime factors of 790420212.
2, 3, 2621, 8377
What are the prime factors of 21708931?
21708931
List the prime factors of 827683572.
2, 3, 68973631
List the prime factors of 5006778391.
23, 179, 1216123
What are the prime factors of 238942385?
5, 11, 19, 137, 1669
List the prime factors of 307141213.
19, 16165327
List the prime factors of 5702743042.
2, 2851371521
List the prime factors of 786873730.
2, 5, 17, 4628669
List the prime factors of 187185085.
5, 223, 167879
List the prime factors of 54550136.
2, 37, 184291
List the prime factors of 140999849.
353, 399433
What are the prime factors of 4210295883?
3, 1403431961
List the prime factors of 4172614.
2, 23, 90709
What are the prime factors of 514977505?
5, 7, 29, 